
What are the prime factors of 828?
2, 3, 23
What are the prime factors of 15919?
15919
What are the prime factors of 415?
5, 83
List the prime factors of 12249.
3, 1361
List the prime factors of 6644.
2, 11, 151
List the prime factors of 3.
3
List the prime factors of 16872.
2, 3, 19, 37
What are the prime factors of 12320?
2, 5, 7, 11
What are the prime factors of 6925?
5, 277
List the prime factors of 870.
2, 3, 5, 29
What are the prime factors of 1088?
2, 17
What are the prime factors of 7953?
3, 11, 241
List the prime factors of 4079.
4079
What are the prime factors of 139?
139
List the prime factors of 16201.
17, 953
What are the prime factors of 12300?
2, 3, 5, 41
What are the prime factors of 18295?
5, 3659
What are the prime factors of 6330?
2, 3, 5, 211
List the prime factors of 7591.
7591
List the prime factors of 11519.
11519
List the prime factors of 75096.
2, 3, 7, 149
What are the prime factors of 7639?
7639
List the prime factors of 210.
2, 3, 5, 7
What are the prime factors of 1385?
5, 277
What are the prime factors of 46589?
46589
What are the prime factors of 61241?
47, 1303
List the prime factors of 620.
2, 5, 31
What are the prime factors of 3464?
2, 433
List the prime factors of 19600.
2, 5, 7
List the prime factors of 71766.
2, 3, 443
What are the prime factors of 19851?
3, 13, 509
What are the prime factors of 12064?
2, 13, 29
What are the prime factors of 8635?
5, 11, 157
List the prime factors of 8622.
2, 3, 479
List the prime factors of 63.
3, 7
List the prime factors of 12960.
2, 3, 5
List the prime factors of 26894.
2, 7, 17, 113
What are the prime factors of 1081?
23, 47
List the prime factors of 6146.
2, 7, 439
What are the prime factors of 13260?
2, 3, 5, 13, 17
What are the prime factors of 1329?
3, 443
What are the prime factors of 1056?
2, 3, 11
What are the prime factors of 5117?
7, 17, 43
List the prime factors of 44166.
2, 3, 17, 433
What are the prime factors of 12450?
2, 3, 5, 83
List the prime factors of 1891.
31, 61
What are the prime factors of 1650?
2, 3, 5, 11
List the prime factors of 644.
2, 7, 23
What are the prime factors of 9002?
2, 7, 643
List the prime factors of 384.
2, 3
List the prime factors of 1163.
1163
What are the prime factors of 51296?
2, 7, 229
List the prime factors of 1610.
2, 5, 7, 23
List the prime factors of 3247.
17, 191
List the prime factors of 9055.
5, 1811
List the prime factors of 122243.
11, 11113
What are the prime factors of 24328?
2, 3041
What are the prime factors of 3545?
5, 709
List the prime factors of 32512.
2, 127
List the prime factors of 75259.
17, 19, 233
What are the prime factors of 4270?
2, 5, 7, 61
What are the prime factors of 3169?
3169
What are the prime factors of 1639?
11, 149
What are the prime factors of 1118?
2, 13, 43
What are the prime factors of 35948?
2, 11, 19, 43
List the prime factors of 55603.
55603
List the prime factors of 6319.
71, 89
List the prime factors of 1051.
1051
List the prime factors of 96209.
23, 47, 89
What are the prime factors of 2799?
3, 311
What are the prime factors of 120109?
11, 61, 179
What are the prime factors of 55816?
2, 6977
List the prime factors of 1875.
3, 5
List the prime factors of 3956.
2, 23, 43
List the prime factors of 9245.
5, 43
What are the prime factors of 18432?
2, 3
List the prime factors of 7036.
2, 1759
List the prime factors of 161.
7, 23
What are the prime factors of 46731?
3, 37, 421
What are the prime factors of 603?
3, 67
List the prime factors of 6049.
23, 263
List the prime factors of 1192.
2, 149
What are the prime factors of 42819?
3, 7, 2039
What are the prime factors of 14752?
2, 461
What are the prime factors of 2579?
2579
List the prime factors of 18207.
3, 7, 17
What are the prime factors of 8802?
2, 3, 163
List the prime factors of 1651.
13, 127
What are the prime factors of 23515?
5, 4703
List the prime factors of 5883.
3, 37, 53
What are the prime factors of 1091?
1091
What are the prime factors of 9252?
2, 3, 257
What are the prime factors of 742?
2, 7, 53
What are the prime factors of 112632?
2, 3, 13, 19
List the prime factors of 1124.
2, 281
What are the prime factors of 6597?
3, 733
List the prime factors of 1009.
1009
What are the prime factors of 1693?
1693
List the prime factors of 418.
2, 11, 19
List the prime factors of 8565.
3, 5, 571
What are the prime factors of 326?
2, 163
List the prime factors of 1047.
3, 349
List the prime factors of 7123.
17, 419
List the prime factors of 111388.
2, 27847
What are the prime factors of 28830?
2, 3, 5, 31
What are the prime factors of 28538?
2, 19, 751
What are the prime factors of 465?
3, 5, 31
List the prime factors of 22075.
5, 883
What are the prime factors of 140?
2, 5, 7
What are the prime factors of 911?
911
List the prime factors of 16951.
11, 23, 67
List the prime factors of 584.
2, 73
List the prime factors of 2580.
2, 3, 5, 43
What are the prime factors of 6852?
2, 3, 571
What are the prime factors of 1215?
3, 5
What are the prime factors of 48749?
29, 41
What are the prime factors of 12787?
19, 673
List the prime factors of 1553.
1553
What are the prime factors of 2223?
3, 13, 19
What are the prime factors of 26658?
2, 3, 1481
List the prime factors of 92341.
107, 863
What are the prime factors of 1269?
3, 47
List the prime factors of 6662.
2, 3331
List the prime factors of 104674.
2, 199, 263
List the prime factors of 39703.
39703
List the prime factors of 255.
3, 5, 17
What are the prime factors of 13801?
37, 373
List the prime factors of 4515.
3, 5, 7, 43
What are the prime factors of 7676?
2, 19, 101
What are the prime factors of 84409?
13, 43, 151
What are the prime factors of 151067?
7, 3083
What are the prime factors of 98?
2, 7
List the prime factors of 1291.
1291
List the prime factors of 226.
2, 113
What are the prime factors of 965?
5, 193
What are the prime factors of 3920?
2, 5, 7
What are the prime factors of 831?
3, 277
What are the prime factors of 1164?
2, 3, 97
What are the prime factors of 99938?
2, 107, 467
What are the prime factors of 29075?
5, 1163
List the prime factors of 868.
2, 7, 31
What are the prime factors of 981?
3, 109
List the prime factors of 29351.
7, 599
What are the prime factors of 3382?
2, 19, 89
List the prime factors of 1127.
7, 23
What are the prime factors of 7716?
2, 3, 643
List the prime factors of 772.
2, 193
What are the prime factors of 2334?
2, 3, 389
What are the prime factors of 913?
11, 83
List the prime factors of 3336.
2, 3, 139
List the prime factors of 883.
883
List the prime factors of 11391.
3, 3797
List the prime factors of 101658.
2, 3, 16943
List the prime factors of 40.
2, 5
List the prime factors of 3387.
3, 1129
List the prime factors of 772.
2, 193
List the prime factors of 1907.
1907
What are the prime factors of 6400?
2, 5
List the prime factors of 462.
2, 3, 7, 11
What are the prime factors of 689?
13, 53
List the prime factors of 1998.
2, 3, 37
What are the prime factors of 38612?
2, 7, 197
What are the prime factors of 17678?
2, 8839
List the prime factors of 82067.
82067
What are the prime factors of 27174?
2, 3, 7, 647
List the prime factors of 6970.
2, 5, 17, 41
List the prime factors of 5112.
2, 3, 71
What are the prime factors of 6132?
2, 3, 7, 73
List the prime factors of 63214.
2, 31607
List the prime factors of 11340.
2, 3, 5, 7
List the prime factors of 143544.
2, 3, 5981
List the prime factors of 19259.
19259
List the prime factors of 697.
17, 41
List the prime factors of 5400.
2, 3, 5
List the prime factors of 308.
2, 7, 11
What are the prime factors of 11928?
2, 3, 7, 71
What are the prime factors of 196923?
3, 41, 1601
List the prime factors of 15514.
2, 7757
List the prime factors of 30745.
5, 11, 13, 43
What are the prime factors of 24530?
2, 5, 11, 223
What are the prime factors of 17430?
2, 3, 5, 7, 83
List the prime factors of 1245.
3, 5, 83
What are the prime factors of 6649?
61, 109
What are the prime factors of 6030?
2, 3, 5, 67
What are the prime factors of 38827?
41, 947
What are the prime factors of 594?
2, 3, 11
List the prime factors of 95611.
23, 4157
List the prime factors of 487.
487
List the prime factors of 1303.
1303
List the prime factors of 588.
2, 3, 7
What are the prime factors of 17774?
2, 8887
List the pr